{"version":"1.0","provider_name":"Holstein Switzerland","provider_url":"https:\/\/www.holstein.ch\/fr\/","title":"EXPO Bulle 2021 n\u2019aura pas lieu en mars - Holstein Switzerland","type":"rich","width":600,"height":338,"html":"<blockquote class=\"wp-embedded-content\" data-secret=\"uEak32ypQA\"><a href=\"https:\/\/www.holstein.ch\/fr\/expo-bulle-2021-naura-pas-lieu-en-mars\/\">EXPO Bulle 2021 n\u2019aura pas lieu en mars<\/a><\/blockquote><iframe sandbox=\"allow-scripts\" security=\"restricted\" src=\"https:\/\/www.holstein.ch\/fr\/expo-bulle-2021-naura-pas-lieu-en-mars\/embed\/#?secret=uEak32ypQA\" width=\"600\" height=\"338\" title=\"\u00ab\u00a0EXPO Bulle 2021 n\u2019aura pas lieu en mars\u00a0\u00bb &#8212; Holstein Switzerland\" data-secret=\"uEak32ypQA\" frameborder=\"0\" marginwidth=\"0\" marginheight=\"0\" scrolling=\"no\" class=\"wp-embedded-content\"><\/iframe><script>\n\/*! This file is auto-generated *\/\n!function(d,l){\"use strict\";l.querySelector&&d.addEventListener&&\"undefined\"!=typeof URL&&(d.wp=d.wp||{},d.wp.receiveEmbedMessage||(d.wp.receiveEmbedMessage=function(e){var t=e.data;if((t||t.secret||t.message||t.value)&&!\/[^a-zA-Z0-9]\/.test(t.secret)){for(var s,r,n,a=l.querySelectorAll('iframe[data-secret=\"'+t.secret+'\"]'),o=l.querySelectorAll('blockquote[data-secret=\"'+t.secret+'\"]'),c=new RegExp(\"^https?:$\",\"i\"),i=0;i<o.length;i++)o[i].style.display=\"none\";for(i=0;i<a.length;i++)s=a[i],e.source===s.contentWindow&&(s.removeAttribute(\"style\"),\"height\"===t.message?(1e3<(r=parseInt(t.value,10))?r=1e3:~~r<200&&(r=200),s.height=r):\"link\"===t.message&&(r=new URL(s.getAttribute(\"src\")),n=new URL(t.value),c.test(n.protocol))&&n.host===r.host&&l.activeElement===s&&(d.top.location.href=t.value))}},d.addEventListener(\"message\",d.wp.receiveEmbedMessage,!1),l.addEventListener(\"DOMContentLoaded\",function(){for(var e,t,s=l.querySelectorAll(\"iframe.wp-embedded-content\"),r=0;r<s.length;r++)(t=(e=s[r]).getAttribute(\"data-secret\"))||(t=Math.random().toString(36).substring(2,12),e.src+=\"#?secret=\"+t,e.setAttribute(\"data-secret\",t)),e.contentWindow.postMessage({message:\"ready\",secret:t},\"*\")},!1)))}(window,document);\n\/\/# sourceURL=https:\/\/www.holstein.ch\/wp-includes\/js\/wp-embed.min.js\n<\/script>\n","description":"L\u2019\u00e9dition 2021 d\u2019EXPO Bulle ne pourra pas avoir lieu aux dates initialement pr\u00e9vues, les 26 et 27 mars. Les organisateurs r\u00e9fl\u00e9chissent actuellement \u00e0 des alternatives. EXPO Bulle, haut lieu de l\u2019\u00e9levage Holstein et Red-Holstein, se voit contraint de renoncer \u00e0 la tenue de l\u2019exposition initialement pr\u00e9vue \u00e0 fin mars 2021 \u00e0 Espace Gruy\u00e8re. En effet, [&hellip;]","thumbnail_url":"https:\/\/www.holstein.ch\/wp-content\/uploads\/ExpoBulle_fond-rouge-2020.png","thumbnail_width":600,"thumbnail_height":600}

L’édition 2021 d’EXPO Bulle ne pourra pas avoir lieu aux dates initialement prévues, les 26 et 27 mars. Les organisateurs réfléchissent actuellement à des alternatives. EXPO Bulle, haut lieu de l’élevage Holstein et Red-Holstein, se voit contraint de renoncer à la tenue de l’exposition initialement prévue à fin mars 2021 à Espace Gruyère. En effet, [&hellip;]
